ainder when 68745 is divided by 8580.
105
What is the remainder when 11393599 is divided by 1203?
1189
Calculate the remainder when 79343 is divided by 15799.
348
What is the remainder when 22386610 is divided by 78?
64
Calculate the remainder when 30370758 is divided by 20.
18
Calculate the remainder when 81489588 is divided by 20.
8
What is the remainder when 4204551 is divided by 79331?
8
Calculate the remainder when 827967 is divided by 13797.
147
What is the remainder when 29945150 is divided by 51898?
4
Calculate the remainder when 40730 is divided by 3676.
294
Calculate the remainder when 293899 is divided by 7213.
5379
What is the remainder when 9055101 is divided by 1293578?
55
What is the remainder when 17785946 is divided by 247027?
2
What is the remainder when 882617 is divided by 967?
713
What is the remainder when 2432650 is divided by 5300?
5250
Calculate the remainder when 134413 is divided by 577.
549
Calculate the remainder when 850386 is divided by 24583.
14564
What is the remainder when 10545357 is divided by 994?
11
What is the remainder when 5517118 is divided by 36?
10
What is the remainder when 819348425 is divided by 4338?
4337
Calculate the remainder when 135434510 is divided by 233.
231
Calculate the remainder when 393588 is divided by 393513.
75
What is the remainder when 4345783 is divided by 175?
8
What is the remainder when 1566374 is divided by 51?
11
What is the remainder when 177423 is divided by 88656?
111
Calculate the remainder when 4950244 is divided by 4950205.
39
Calculate the remainder when 91146197 is divided by 124.
121
What is the remainder when 366133382 is divided by 63?
62
What is the remainder when 25914202 is divided by 262?
44
Calculate the remainder when 413018 is divided by 173.
67
Calculate the remainder when 32878 is divided by 2734.
70
What is the remainder when 45902 is divided by 212?
110
Calculate the remainder when 2870938 is divided by 222.
34
Calculate the remainder when 608883 is divided by 8951.
215
What is the remainder when 62854436 is divided by 31427194?
48
Calculate the remainder when 40538 is divided by 3388.
3270
What is the remainder when 254112 is divided by 254098?
14
Calculate the remainder when 1923434 is divided by 377.
357
Calculate the remainder when 668527 is divided by 345.
262
Calculate the remainder when 65930565 is divided by 3233.
3229
What is the remainder when 6059722 is divided by 2876?
2866
What is the remainder when 21962 is divided by 4241?
757
Calculate the remainder when 18018 is divided by 2562.
84
Calculate the remainder when 372982 is divided by 62154.
58
What is the remainder when 7008552 is divided by 191?
189
Calculate the remainder when 23817501 is divided by 119.
8
Calculate the remainder when 13990878 is divided by 11347.
27
Calculate the remainder when 41511 is divided by 3768.
63
Calculate the remainder when 3135822 is divided by 24.
6
Calculate the remainder when 4183129 is divided by 98.
97
What is the remainder when 166024099 is divided by 944?
931
What is the remainder when 435091 is divided by 27189?
67
Calculate the remainder when 91150403 is divided by 26.
19
What is the remainder when 659789 is divided by 329418?
953
What is the remainder when 6691767 is divided by 133835?
17
Calculate the remainder when 2637231 is divided by 2433.
2292
Calculate the remainder when 1416581 is divided by 2604.
5
Calculate the remainder when 400923 is divided by 40033.
593
What is the remainder when 944703 is divided by 2739?
2487
What is the remainder when 2411936 is divided by 96?
32
Calculate the remainder when 94108 is divided by 18674.
738
Calculate the remainder when 1062998 is divided by 3.
2
What is the remainder when 8269975 is divided by 250603?
76
What is the remainder when 308287 is divided by 154094?
99
Calculate the remainder when 1506342 is divided by 4341.
15
Calculate the remainder when 1684722 is divided by 483.
18
Calculate the remainder when 2139943 is divided by 374.
289
Calculate the remainder when 33426 is divided by 294.
204
What is the remainder when 113913393 is divided by 306?
303
Calculate the remainder when 1204732 is divided by 2660.
2412
What is the remainder when 5115753 is divided by 46933?
56
What is the remainder when 473387 is divided by 47?
3
Calculate the remainder when 160400 is divided by 476.
464
What is the remainder when 10031851 is divided by 401273?
26
Calculate the remainder when 8012335 is divided by 2476.
2475
Calculate the remainder when 12270976 is divided by 424.
416
What is the remainder when 27331197 is divided by 3200?
3197
Calculate the remainder when 310710 is divided by 25867.
306
Calculate the remainder when 518075 is divided by 2132.
2131
What is the remainder when 835494 is divided by 732?
282
Calculate the remainder when 6086384 is divided by 28.
24
What is the remainder when 607212 is divided by 138?
12
What is the remainder when 1662312 is divided by 10?
2
Calculate the remainder when 533762 is divided by 900.
62
What is the remainder when 967536 is divided by 483744?
48
Calculate the remainder when 121835 is divided by 28950.
6035
Calculate the remainder when 1406171 is divided by 60.
11
What is the remainder when 1384493 is divided by 125821?
462
What is the remainder when 232233188 is divided by 58058294?
12
What is the remainder when 1261911 is divided by 7426?
6917
Calculate the remainder when 10858497 is divided by 18.
15
What is the remainder when 3740335 is divided by 19790?
25
What is the remainder when 429419 is divided by 30?
29
What is the remainder when 3313806 is divided by 30?
6
Calculate the remainder when 49124 is divided by 49003.
121
What is the remainder when 1275618 is divided by 19312?
1026
What is the remainder when 1928438 is divided by 482109?
2
What is the remainder when 10140875 is divided by 505?
475
What is the remainder when 2649127 is divided by 1682?
1659
Calculate the remainder when 10480941 is divided by 16.
13
What is the remainder when 25219922 is divided by 1421?
14
Calculate the remainder when 19348856 is divided by 19348852.
4
Calculate the remainder when 879952 is divided by 31.
17
Calculate the remainder when 412594 is divided by 366.
112
What is the remainder when 17757283 is divided by 7?
5
What is the remainder when 53387222 is divided by 106?
4
What is the remainder when 38134086 is divided by 3843?
3840
What is the remainder when 5835 is divided by 219?
141
Calculate the remainder when 927274 is divided by 1808.
1578
Calculate the remainder when 1701518 is divided by 385.
203
What is the remainder when 68353885 is divided by 1141?
1139
Calculate the remainder when 653990 is divided by 2054.
818
What is the remainder when 133937 is divided by 133921?
16
What is the remainder when 3772804 is divided by 3327?
3313
What is the remainder when 292221 is divided by 24330?
261
What is the remainder when 4639088 is divided by 375?
338
What is the remainder when 16935 is divided by 5210?
1305
Calculate the remainder when 596761 is divided by 2345.
1131
Calculate the remainder when 81093 is divided by 13.
12
Calculate the remainder when 118837 is divided by 5710.
4637
What is the remainder when 222070 is divided by 10574?
16
Calculate the remainder when 5653799 is divided by 57109.
8
What is the remainder when 186689 is divided by 693?
272
Calculate the remainder when 21439 is divided by 2949.
796
Calculate the remainder when 35032 is divided by 16946.
1140
What is the remainder when 852292825 is divided by 30?
25
What is the remainder when 46300785 is divided by 5512?
5497
Calculate the remainder when 30143 is divided by 495.
443
Calculate the remainder when 3889058 is divided by 601.
588
Calculate the remainder when 5943965 is divided by 1459.
1458
Calculate the remainder when 517907 is divided by 209.
5
What is the remainder when 49787071 is divided by 32?
31
Calculate the remainder when 134203 is divided by 131666.
2537
What is the remainder when 460875758 is divided by 218?
214
What is the remainder when 129265348 is divided by 1095469?
6
What is the remainder when 94497 is divided by 2833?
1008
Calculate the remainder when 342903790 is divided by 1028.
1026
Calculate the remainder when 263084 is divided by 7734.
128
Calculate the remainder when 7